n factor of 650 and 10546?
2
Calculate the greatest common divisor of 699102 and 738.
18
What is the highest common divisor of 31092055 and 131105?
10085
What is the greatest common factor of 2416 and 404375584?
2416
Calculate the highest common divisor of 1467299 and 3.
1
What is the highest common factor of 56 and 5818946?
14
What is the greatest common divisor of 844 and 20817260?
844
Calculate the greatest common factor of 3570 and 46292295.
105
Calculate the highest common factor of 426 and 4890174.
6
Calculate the greatest common divisor of 77661245 and 5.
5
Calculate the highest common factor of 198610 and 42130.
10
Calculate the greatest common divisor of 180153608 and 2671.
2671
Calculate the greatest common factor of 1185 and 3411062.
79
What is the highest common divisor of 1657959 and 20213?
493
What is the greatest common factor of 4671465 and 52925?
145
What is the greatest common divisor of 3985661801 and 11?
11
Calculate the highest common factor of 1746399640 and 3880.
3880
What is the greatest common factor of 50377464 and 2808?
216
What is the highest common divisor of 159660038 and 1822?
1822
Calculate the highest common divisor of 499805930 and 670.
670
Calculate the highest common factor of 136202235 and 585.
195
Calculate the highest common divisor of 261 and 102040299.
261
What is the greatest common factor of 6467 and 22205671?
223
Calculate the highest common divisor of 8240 and 4143896.
824
Calculate the highest common factor of 10621860 and 46.
46
What is the highest common factor of 5828223 and 3174?
69
What is the highest common factor of 1050929 and 3047?
11
What is the highest common factor of 132081 and 347?
1
Calculate the greatest common divisor of 192642 and 762.
6
What is the greatest common factor of 72362 and 138322?
194
What is the highest common divisor of 13611040 and 131920?
7760
What is the greatest common factor of 64672 and 292528?
752
Calculate the highest common divisor of 36 and 8513172.
36
Calculate the greatest common factor of 318002 and 158202.
1598
What is the highest common divisor of 14 and 135532712?
14
Calculate the highest common divisor of 21200 and 499600.
400
What is the highest common divisor of 13496644 and 329?
7
Calculate the highest common factor of 40079 and 770750.
3083
What is the greatest common divisor of 18640 and 34895245?
1165
What is the greatest common divisor of 111185991 and 12414?
6207
Calculate the highest common divisor of 12992917 and 28.
7
Calculate the highest common factor of 6100066 and 5418.
602
Calculate the highest common factor of 297 and 23991330.
33
Calculate the highest common factor of 2112783778 and 1988.
994
What is the greatest common divisor of 281777 and 5?
1
Calculate the highest common factor of 896279 and 617354.
3719
What is the greatest common factor of 7411579 and 30352?
1897
Calculate the highest common divisor of 5202 and 614286.
18
Calculate the highest common divisor of 372060 and 545400.
540
Calculate the greatest common factor of 12151164 and 30.
6
What is the highest common factor of 849215920 and 5908?
5908
Calculate the greatest common divisor of 11198799 and 1548.
9
Calculate the highest common factor of 1369050004 and 196.
196
What is the greatest common factor of 1051008333 and 249?
249
Calculate the greatest common factor of 152 and 121042464.
152
Calculate the greatest common factor of 1628 and 1746104.
148
What is the greatest common divisor of 214932 and 24?
12
Calculate the highest common factor of 7892 and 105372011.
1973
What is the highest common divisor of 1509 and 145983?
3
Calculate the greatest common factor of 1 and 94083643.
1
Calculate the highest common factor of 1600 and 6020544.
64
Calculate the highest common factor of 6 and 305658921.
3
Calculate the greatest common divisor of 10743239 and 1872.
13
What is the greatest common divisor of 2 and 7062890?
2
Calculate the greatest common factor of 806120 and 14184.
8
What is the highest common divisor of 23262 and 9564?
6
Calculate the highest common divisor of 279 and 5378221.
31
Calculate the highest common divisor of 25365 and 16840491.
267
What is the highest common divisor of 132 and 4036593?
33
Calculate the highest common divisor of 182344 and 49064.
8
Calculate the greatest common divisor of 2492870 and 50.
10
What is the highest common divisor of 6335 and 119739102?
1267
Calculate the greatest common factor of 11281296 and 117.
39
What is the greatest common factor of 66896 and 16424?
8
What is the highest common divisor of 606713232 and 4?
4
What is the greatest common factor of 42731975 and 28600?
3575
What is the highest common factor of 275 and 101497?
11
What is the highest common factor of 6 and 2845520?
2
Calculate the highest common divisor of 4128 and 135216.
48
Calculate the greatest common factor of 16160 and 24580.
20
What is the highest common factor of 21912 and 1243257?
249
What is the greatest common divisor of 83502 and 1026?
18
Calculate the greatest common factor of 836 and 19204.
4
What is the highest common factor of 1876 and 19857796?
28
What is the highest common divisor of 4539 and 1474196?
89
What is the greatest common factor of 12360990 and 60?
30
Calculate the highest common divisor of 445952061 and 4506.
2253
What is the greatest common divisor of 3804880 and 6692?
956
Calculate the greatest common factor of 153285975 and 450.
225
What is the greatest common divisor of 532 and 1574146?
14
Calculate the highest common divisor of 775965 and 793305.
4335
What is the greatest common factor of 11875 and 2673775?
475
What is the greatest common factor of 109096910 and 130?
130
What is the highest common factor of 2628 and 11181564?
36
What is the highest common divisor of 4139 and 98744123?
4139
Calculate the highest common factor of 148005 and 5034447.
2277
What is the greatest common divisor of 810 and 1631556?
54
What is the greatest common factor of 82426275 and 171?
171
Calculate the highest common factor of 11815220 and 59312.
1348
What is the greatest common factor of 8494872 and 388?
388
Calculate the greatest common divisor of 33888 and 678819.
1059
What is the highest common divisor of 9387990 and 135?
45
Calculate the highest common factor of 4945136 and 3283.
469
What is the greatest common factor of 19348 and 116060?
28
Calculate the greatest common divisor of 420 and 102546570.
210
What is the greatest common factor of 779361 and 3143547?
3729
What is the highest common factor of 14 and 2913554?
14
What is the highest common factor of 28808 and 559624?
104
Calculate the highest common factor of 7 and 4205467.
7
What is the highest common divisor of 73516206 and 722?
722
What is the greatest common factor of 216513 and 363?
33
What is the greatest common divisor of 377 and 23893651?
29
What is the greatest common factor of 154 and 3393148?
22
Calculate the greatest common factor of 115622 and 165542.
26
What is the highest common divisor of 18 and 130599?
9
Calculate the greatest common factor of 287 and 47531218.
287
What is the highest common factor of 83788130 and 38832?
1618
What is the greatest common factor of 125788025 and 275?
275
What is the highest common divisor of 65337 and 103733?
29
What is the greatest common factor of 18 and 4680189?
9
What is the greatest common factor of 39192 and 491004?
276
What is the highest common factor of 1060970863 and 2537?
2537
Calculate the greatest common factor of 14455550 and 25.
25
Calculate the highest common factor of 342290 and 93730.
130
What is the highest common factor of 2492 and 393550346?
1246
What is the greatest common divisor of 16545078 and 17622?
198
Calculate the greatest common divisor of 3240 and 5045760.
1080
What is the highest common factor of 692863532 and 17796?
5932
What is the greatest common factor of 1547 and 1964963?
91
What is the greatest common factor of 10038415 and 437661?
6947
What is the greatest common divisor of 54 and 483381?
27
Calculate the highest common divisor of 15133 and 22607.
37
Calculate the greatest common factor of 37155556 and 692.
692
What is the greatest common factor of 1828064 and 308?
28
Calculate the greatest common factor of 22738027 and 685.
137
Calculate the greatest common divisor of 186 and 126042342.
186